 14*x + 11. What is o(-5)?
-209
Let g(i) = 349*i**2 - 1042*i + 7. Give g(3).
22
Let j(n) = -17*n**2 + 82*n + 253. Determine j(7).
-6
Let s(x) = 19*x**2 + 282*x - 57. What is s(-15)?
-12
Let d(o) = -35*o + 277. Calculate d(9).
-38
Let u(g) = 1730*g + 6904. Calculate u(-4).
-16
Let y(m) = -3*m**3 - 90*m**2 + 3*m + 90. What is y(-30)?
0
Let i(t) = 15*t + 82. Calculate i(-7).
-23
Let s(i) = -12*i - 720. Give s(-48).
-144
Let p(a) = -108*a - 192. Determine p(2).
-408
Let g(n) = 3*n**2 + 48*n + 175. What is g(-11)?
10
Let t(q) = -q**3 - 9*q**2 + 4*q + 29. Determine t(-7).
-97
Let n(f) = -4*f**2 - 88*f + 2661. Calculate n(-39).
9
Let l(g) = -7*g + 444. What is l(64)?
-4
Let v(j) = 17*j + 107. Give v(6).
209
Let a(d) = 309*d + 3309. Give a(-11).
-90
Let u(m) = -m**3 - 14*m**2 - 30*m + 23. Give u(-11).
-10
Let b(t) = -t**3 + 44*t - 13. What is b(-8)?
147
Let t(y) = -y**3 - 48*y**2 - 464*y - 319. Give t(-35).
-4
Let k(x) = -x**2 + 1097*x - 16247. Determine k(15).
-17
Let f(i) = 2*i**2 + 89*i - 38. Determine f(-45).
7
Let q(i) = -5*i**2 + 31*i + 33. Give q(-1).
-3
Let f(q) = -q**3 + 12*q**2 - 37*q + 33. Calculate f(8).
-7
Let i(g) = 15*g**2 + 70*g + 10. Determine i(-7).
255
Let z(d) = d**2 + 34*d - 244. Calculate z(-40).
-4
Let t(o) = -145*o + 54. Calculate t(0).
54
Let y(t) = 154*t + 2200. Give y(-14).
44
Let j(q) = -132*q + 17. What is j(0)?
17
Let t(w) = -113*w + 1335. Calculate t(12).
-21
Let p(l) = -642*l - 3209. Determine p(-5).
1
Let y(l) = 8*l + 195. Determine y(-24).
3
Let p(a) = a**3 - 58*a**2 - 56*a - 179. Give p(59).
-2
Let g(v) = 19*v**2 + 83*v + 339. Determine g(-4).
311
Let v(a) = 5*a**2 + 244*a + 2930. Calculate v(-28).
18
Let l(i) = -2*i**3 - 30*i**2 - 48*i + 53. Determine l(-13).
1
Let v(y) = y**2 - 68*y + 414. What is v(6)?
42
Let t(j) = -7*j**3 + 30*j**2 - 15*j + 10. Calculate t(4).
-18
Let p(c) = -18*c - 69. What is p(-5)?
21
Let o(v) = 3*v**3 - 156*v**2 + 155*v - 90. Give o(51).
12
Let m(d) = -651*d + 3911. Calculate m(6).
5
Let h(a) = 8*a - 214. Calculate h(22).
-38
Let q(v) = 26*v - 13. What is q(0)?
-13
Let g(m) = m**3 - 29*m**2 + 109*m + 258. Give g(24).
-6
Let v(u) = 36*u**2 + 542*u + 30. Give v(-15).
0
Let w(v) = v**3 + 36*v**2 - 3*v - 69. Give w(-36).
39
Let h(q) = q**2 - 34*q - 1002. What is h(53)?
5
Let x(y) = -2*y**3 - 47*y**2 - 33*y - 28. Give x(-23).
202
Let m(y) = 495*y**2 - 1424*y + 3. Give m(3).
186
Let j(v) = 372*v - 3339. Calculate j(9).
9
Let h(t) = -4*t**2 + 74*t - 247. Calculate h(14).
5
Let v(x) = -3*x**3 - 24*x**2 + 47*x - 5. Determine v(2).
-31
Let p(l) = -68*l + 6675. What is p(98)?
11
Let b(x) = x**3 - 16*x**2 - 36*x - 125. What is b(17)?
-448
Let a(l) = 25*l**2 + 86*l - 270. Determine a(2).
2
Let d(m) = 100*m**2 - 132*m - 2. Calculate d(0).
-2
Let w(i) = -9*i**2 + 284*i - 422. Determine w(30).
-2
Let c(z) = -z**2 - 116*z - 563. Give c(-107).
400
Let a(i) = -166*i - 1126. What is a(-9)?
368
Let y(m) = -450*m + 3398. What is y(7)?
248
Let t(p) = 673*p - 2357. Determine t(4).
335
Let l(x) = -x**2 - 921*x - 78469. Calculate l(-95).
1
Let a(v) = v**2 - 690*v + 115415. Calculate a(405).
-10
Let a(n) = 8*n - 352. What is a(-5)?
-392
Let t(f) = 181*f**2 - 19001*f - 425. Calculate t(105).
-5
Let a(g) = 2*g**3 - 7*g**2 - g + 23. Calculate a(3).
11
Let v(i) = -i**2 + 121*i - 3645. Determine v(56).
-5
Let v(b) = -868*b + 9539. Calculate v(11).
-9
Let f(k) = -k**2 + 94*k - 195. Calculate f(92).
-11
Let z(i) = 316*i**2 + 26*i + 27. Give z(-1).
317
Let g(l) = -54*l - 10857. Calculate g(-201).
-3
Let u(h) = -h**2 - h + 18. Determine u(-4).
6
Let k(q) = -6*q**2 - 45*q + 9. Calculate k(-9).
-72
Let k(r) = r**2 - 21*r + 85. What is k(9)?
-23
Let p(v) = -98*v - 1792. Give p(-18).
-28
Let i(h) = 4*h - 86. What is i(20)?
-6
Let v(x) = 35*x + 26. What is v(0)?
26
Let d(j) = 31*j - 1235. Determine d(40).
5
Let w(n) = -7*n**2 + 28*n - 34. Determine w(6).
-118
Let b(f) = f**2 - 79*f + 351. Calculate b(74).
-19
Let m(b) = -11*b**2 - 61*b - 45. Give m(-10).
-535
Let k(g) = g**3 - 18*g**2 - 767*g - 131. Give k(-20).
9
Let y(s) = -s**3 - 18*s**2 + 62*s. Give y(-21).
21
Let l(b) = 7983*b - 31930. Determine l(4).
2
Let s(x) = x**3 - 130*x**2 - 189*x + 24571. Give s(130).
1
Let b(t) = 217*t + 3271. Give b(-15).
16
Let p(k) = 2*k**3 - 57*k**2 + 330*k + 175. Give p(20).
-25
Let a(p) = p**2 - 144*p + 2956. Determine a(25).
-19
Let r(a) = -2*a**3 - 86*a**2 - 179*a - 623. What is r(-41)?
-8
Let s(c) = 1012*c + 37443. Calculate s(-37).
-1
Let f(x) = -56*x**2 - 11*x - 6. Determine f(-2).
-208
Let r(g) = -4*g**3 + 7*g - 5. Give r(-3).
82
Let g(k) = -97*k + 672. Determine g(7).
-7
Let s(g) = -g**3 - 27*g**2 - 23*g - 116. What is s(-26)?
-194
Let l(a) = 8835*a - 70687. Give l(8).
-7
Let v(g) = 37*g - 2618. Calculate v(72).
46
Let v(h) = -7*h**3 + 2*h**2 - 4*h + 8. What is v(2)?
-48
Let v(n) = -7*n**3 - 4*n**2 + 48. What is v(-4)?
432
Let a(r) = r**3 - 11*r**2 + 9*r - 85. What is a(11)?
14
Let l(b) = -993*b - 9930. What is l(-10)?
0
Let d(i) = 3*i**2 + 15*i + 23. Determine d(-5).
23
Let u(w) = 35*w**2 + 154*w + 308. Give u(-2).
140
Let r(k) = -27*k**2 + 5*k - 4. Determine r(3).
-232
Let m(v) = -2*v**3 + 87*v**2 - 124*v - 84. Calculate m(42).
0
Let x(h) = -2*h**3 - 52*h**2 + 113*h + 57. Calculate x(-28).
29
Let h(k) = 14*k + 375. What is h(-75)?
-675
Let f(n) = -1995*n - 5986. Determine f(-3).
-1
Let h(a) = 3*a**3 - 24*a**2 + 24*a - 16. Give h(4).
-112
Let y(b) = -8*b**2 - 2*b - 216. What is y(0)?
-216
Let h(m) = 2*m**2 + 38*m - 130. Give h(-22).
2
Let q(i) = 79*i - 1581. Calculate q(20).
-1
Let t(d) = -6*d**2 - 141*d + 99. What is t(-24)?
27
Let x(z) = z**2 + 32*z - 415. Determine x(10).
5
Let u(y) = 17*y - 40. Give u(9).
113
Let b(j) = 50*j - 1773. What is b(36)?
27
Let h(n) = n**3 - 9*n**2 + 14*n - 12. Give h(7).
-12
Let y(j) = -j**3 - 97*j**2 - 1484*j - 126. Calculate y(-78).
30
Let y(i) = -615*i - 12910. Calculate y(-21).
5
Let b(m) = -m**2 - 11*m + 393. Determine b(-22).
151
Let p(s) = s**3 + 58*s**2 + 88*s + 1798. What is p(-57)?
31
Let b(a) = -a**2 - 184*a - 5983. What is b(-142)?
-19
Let s(a) = -4*a**3 - 18*a**2 - 12*a + 7. Calculate s(-4).
23
Let h(r) = 4*r**3 - 3*r**2 - 8*r - 7. Give h(-1).
-6
Let t(b) = -141*b + 664. Determine t(5).
-41
Let l(r) = 18*r**2 + 42*r - 6. Determine l(-2).
-18
Let x(w) = 985*w + 5908. Calculate x(-6).
-2
Let t(y) = 1665*y + 10128. Determine t(-6).
138
Let d(o) = o**3 - 9*o**2 + 412*o - 5379. What is d(12)?
-3
Let n(t) = 5*t**3 + 9*t**2 + 7*t - 31. What is n(4)?
461
Let a(z) = z**3 - 2*z**2 + 2*z - 316. Give a(0).
-316
Let p(n) = -n + 19. Calculate p(-12).
31
Let t(h) = 6*h**3 - 105*h**2 - 52*h - 60. Determine t(18).
-24
Let x(z) = z**3 + 15*z**2 + 55*z + 29. Determine x(-11).
-92
Let z(v) = 3024*v + 24203. Determine z(-8).
11
Let b(p) = p**3 - 473*p**2 - 2374*p - 6. Calculate b(-5).
-86
Let p(j) = -489*j + 174568. Determine p(357).
-5
Let g(x) = -2*x**2 + x + 103. Give g(7).
12
Let m(f) = -f**3 - 2*f**2 + 41*f + 118. Calculate m(-3).
4
Let w(m) = 5*m**2 - 31*m + 74. Give w(3).
26
Let g(c) = -c**2 - 19*c - 23. Give g(-17).
11
Let y(s) = -1866*s - 52217. What is y(-28)?
31
Let b(n) = n**3 + 86*n**2 - n - 112. Give b(-86).
-26
Let r(p) = -p**2 - 4791*p - 76393. What is r(-16)?
7
Let s(q) = 1353*q - 10826. Determine s(8).
-2
Let b(j) = 23*j**2 + 51*j + 35. What is b(-2)?
25
Let f(o) = 312*o - 2503. What is f(8)?
-7
Let p(a) = -123*a**2 - 6156*a - 297. Give p(-50).
3
Let k(i) = -16*i + 154. Give k(9).
10
Let m(o) = -2*o**3 + 12*o**2 + 37*o - 57. What is m(9)?
-210
Let p(r) = -r**3 - r**2 - 2725*r - 22. What is p(0)?
-22
Let m(h) = 3848*h - 92363. What is m(24)?
-11
Let u(f) = -41*f**2 - 3077*f - 150. Calculate u(-75).
0
Let v(g) = g**3 - 59*g**2 - 2*g - 166. Calculate v(0).
-166
Let o(v) = -6*v**2 + 27*v - 18. Determine o(1).
3
Let u(i) = -19*i - 535. Calculate u(-8).
-383
Let c(m) = m**2 + 138*m + 4135. What is c(-44)?
-1
Let m(u) = -u**2 - 60*u - 430. Determine m(-31).
469
Let x(k) = -2*k**2 - 44*k + 1691. What is x(-43)?
-115
Let b(w) = w**3 - 29*w**2 + 47*w + 17. Calculate b(27).
-172
Let a(p) = -3268*p - 16324. Determine a(-5).
16
Let l(s) = -19*s**2 - 220*s - 127. Calculate l(-11).
-6
Let l(n) = n**3 + 5*n**2 - 72*n + 9. What is l(-11)?
75
Let b(a) = -35*a + 658. Determine b(16).
98
Let p(m) = -4*m**2 + 16